der when i is divided by (-1)/4 + c/(-4)?
10
Let y = -25 - -27. What is the remainder when 5 is divided by y?
1
Suppose g - 16 = -g. Let r = g - -3. Calculate the remainder when 31 is divided by (-1)/(21/r + -2).
9
Suppose x - 2*x + 80 = 0. Suppose 22 = 2*m - x. What is the remainder when m is divided by 18?
15
Suppose l + 2*l - 2*a - 122 = 0, 0 = -2*a + 10. What is the remainder when 125 is divided by l?
37
Suppose -2*c + 16 = -3*m + 8*m, -2*m = -4*c + 8. Calculate the remainder when 37 is divided by -1 + c - 4 - -15.
11
Let x = 77 - 33. Suppose -5 = -5*t - 0. What is the remainder when t is divided by (-4)/(-22) + 36/x?
0
Let y(q) = -q**3 - 10*q**2 - 11*q + 10. Let a(l) = -l**2 - l. Let d(c) = -a(c) - y(c). Calculate the remainder when d(-9) is divided by 15.
14
Suppose 0 = -4*n - 16, c - n + 10 = -c. Let w = 12 - c. What is the remainder when w is divided by 7?
5
Let h(j) = j**3 - 6*j**2 + 2*j + 4. What is the remainder when h(6) is divided by 11?
5
Let t = 26 + -13. Suppose 0*h = -2*h - 4*c + 36, 5*c = -3*h + 57. What is the remainder when h is divided by t?
11
Let v = 62 - 49. Calculate the remainder when 74 is divided by v.
9
Let j = 21 - 15. Suppose -42 = -j*z + 4*z. What is the remainder when z is divided by 8?
5
Let w be (-9)/6 + (-31)/(-2). Calculate the remainder when (w/8)/(2/8) is divided by (-1 - -2) + (0 - -3).
3
Let q be (4/(-10))/(5/25). Let i = 6 - q. What is the remainder when i is divided by 3?
2
Calculate the remainder when 31 is divided by 2 + (-1 - -7) + 3.
9
Suppose 3*x - 9 = -3, -26 = -i + 2*x. What is the remainder when (4/6)/(4/i) is divided by -2 + 4 - (0 - 0)?
1
Suppose 0 = 2*q - 77 - 17. What is the remainder when q is divided by 24?
23
Suppose j = 6*j - 20. Suppose -3*f - j*t = 5, 0*f - 3*f = 3*t. What is the remainder when f is divided by 2?
1
Suppose 0*j - j + 1238 = 0. Let x be (-2)/(-10) + j/10. Suppose 4*o + v + 3*v = x, 0 = o - 2*v - 31. Calculate the remainder when o is divided by 11.
9
Let i = -20 - -5. Calculate the remainder when 19 is divided by (28/(-12))/7*i.
4
Calculate the remainder when 6*(-3)/((-54)/15) is divided by 2.
1
Let a(u) = 21*u + 2. Calculate the remainder when a(1) is divided by 6.
5
Suppose 0*h - 20 = -4*h - 4*y, 4*y = h - 10. Suppose 0 = -v + 14 + h. Calculate the remainder when 39 is divided by v.
19
Suppose 4*w - 5*w + 24 = 0. Calculate the remainder when 69 is divided by w.
21
Suppose 0 = -z + 8 - 0. Suppose -5*v + z = -2. What is the remainder when v is divided by 2?
0
Suppose 3*x + 31 = 2*k, 3*x = -4*k - 0*x + 89. Calculate the remainder when k is divided by 3.
2
Let a be 3*(-1 - (-11)/3). Let j = a - 0. Suppose 2*z - 23 - 7 = 0. What is the remainder when z is divided by j?
7
Suppose 19 = v - 1. What is the remainder when v is divided by 12?
8
Let f(c) = -c**2 + 3*c + 2. Let b be f(3). Suppose 6*t = b*t + 24. Let s = -21 + 31. What is the remainder when s is divided by t?
4
Suppose -5*o + 40 = 4*q, 5*q - 6 = 4*o + 3. Suppose 0 = -4*x + 5*x - o. Let r = x - 0. What is the remainder when 11 is divided by r?
3
Let c(m) = 44*m - 1. Let w(h) = h - 1. Let x be w(2). Let b(l) = -l**2 + l + 1. Let r be b(x). What is the remainder when c(r) is divided by 15?
13
Let w be -14 - -1*(-2)/(-2). Calculate the remainder when 49 is divided by (-11)/11*1*w.
10
Let a = 5 - -10. Calculate the remainder when 9 is divided by ((-24)/a)/(2/(-5)).
1
Let q(g) = 3*g + 2. Let l = -4 + 6. Let r be (24/15)/(l/5). Calculate the remainder when 26 is divided by q(r).
12
Suppose 4*f = 114 - 14. What is the remainder when f is divided by 1/((-28)/(-26) - 1)?
12
Let d(b) = b**3 - 6*b**2 + 7*b - 7. Let g be d(5). Suppose -w = g*w - 116. Calculate the remainder when w is divided by 30/4 + 3/6.
5
Let i(c) = -c**2 + 13*c + 1. Let m(j) = -2*j**2 + 20*j + 1. Let t(o) = 8*i(o) - 5*m(o). Calculate the remainder when 35 is divided by t(-4).
16
Let g(q) = 2*q**2 - 1. Suppose 0 + 4 = -2*w. Let n(i) = -7*i - 3. What is the remainder when g(-4) is divided by n(w)?
9
Let d(v) = -5 - v**2 + v + 0*v - 2 - 9*v. Let k be d(-7). Suppose k = 3*s - s - 26. Calculate the remainder when 24 is divided by s.
11
Suppose 0 = -2*o + 3*o + 2*w + 5, -4*w = -4*o + 28. Calculate the remainder when 21 is divided by 2/o*66/4.
10
Let b be 2*(-2 + (-21)/(-6)). Suppose 0 + 4 = 2*k. Let n = b - k. What is the remainder when 2 is divided by n?
0
Suppose 7*h = 6*h + 22. What is the remainder when h is divided by 6?
4
Suppose -3*k = 4*u - 374, -2*u = 4*k + 2*u - 496. What is the remainder when k is divided by 25?
22
Suppose 4*n = -32 + 112. What is the remainder when 197 is divided by n?
17
Calculate the remainder when (-15)/(-130)*1362 - (-2)/(-13) is divided by 40.
37
What is the remainder when 101 is divided by -2 - (10/(-25) - (-93)/(-5))?
16
Suppose -f = -9*h + 5*h + 97, 0 = 5*h + 4*f - 95. What is the remainder when 65 is divided by h?
19
Let a(n) = n**2 - 9*n + 15. Suppose -2*m = 5*r - 17, -5 - 9 = m - 5*r. Calculate the remainder when a(10) is divided by (0 + -1)*m + 10.
7
Suppose 2*z = 2*i + 40, -66 = -3*z + 4*i - 4. Let s(t) = t**2 + 8*t - 10. What is the remainder when z is divided by s(-10)?
8
Let p(h) = -h**2 - 10*h - 6. Let c = 3 - 5. Let x(f) = 2*f**2 + 2. Calculate the remainder when p(-6) is divided by x(c).
8
Suppose t = 3*t - 8, -5*x + 3*t = -23. Calculate the remainder when x is divided by 4.
3
Let m be (4 + 0)*2/8. Suppose 0 = -3*y - 2*y + 55. What is the remainder when (5/(-10))/(m/(-86)) is divided by y?
10
Suppose 8 + 22 = 2*i. Let v be -2 + 1 - -5*2. Suppose -5*l = -4*w - v, 2*w + 17 = 5*w + l. What is the remainder when i is divided by w?
3
Let j be 2/7 + 1317/21. Let s = -43 + j. Suppose -4*f + s = -104. Calculate the remainder when f is divided by 16.
15
Let o(m) be the third derivative of m**4/6 - 3*m**3/2 + 7*m**2. What is the remainder when o(14) is divided by 12?
11
Let q = -2 - -13. Let f = q + -3. Let t = f - -2. Calculate the remainder when 18 is divided by t.
8
Let c(u) = 14*u + 10. Let d(b) = 5*b + 3. Let l(i) = 4*c(i) - 11*d(i). Suppose 12 = 4*o, 231 = 3*p + o + 90. What is the remainder when p is divided by l(5)?
10
Suppose 7 = 3*q + 3*i - 5, -4*q = 2*i - 20. Suppose g - 6 - q = 0. Suppose z - 5*z = -g. What is the remainder when 7 is divided by z?
1
Let k = -4 - -1. Let j = -1 - k. What is the remainder when 3 is divided by j?
1
Suppose 3*q = -q - 112. Let s = q - -42. Calculate the remainder when 41 is divided by s.
13
Let y(r) = r + 7. Suppose 0*m = -m + 1, 0 = -4*g + 3*m + 17. Calculate the remainder when y(6) is divided by g.
3
Let z = -11 + 10. What is the remainder when ((-58)/z - 3) + -2 is divided by 18?
17
Let t = 15 + -8. Let q(a) = -4*a - 48. What is the remainder when t is divided by q(-13)?
3
Suppose 3*m = 2*m + 3. Let s be 10/(-4)*(-12)/10. Suppose s = -m*w + 24. Calculate the remainder when 13 is divided by w.
6
Let i = 73 + -15. Let q = -37 + i. Calculate the remainder when q is divided by 11.
10
Let i(v) = -v**2 - 7*v + 6. Let d be i(-7). Let s = 5 + d. What is the remainder when 32 is divided by s?
10
Let i(c) = 0 + 5*c + 4 - 5. Let b be i(-1). Calculate the remainder when 20 is divided by 1/3 + (-64)/b.
9
Let u = -3 + 3. Suppose l = 5*v + 15, u = -4*l + 2*v - v + 22. Let s(r) = -r**3 + 7*r**2 - 7*r - 1. Calculate the remainder when s(l) is divided by 8.
6
Let x(b) = 2 - 6 - b + 3. What is the remainder when x(-8) is divided by 4?
3
Let f(h) = h + 9. Let d(r) = r**2 + 5*r - 3. Let q be d(-5). Let z be q/(-15) + 41/(-5). Calculate the remainder when 2 is divided by f(z).
0
Suppose 10*c - 5*c - 3*o - 82 = 0, 0 = 2*o - 2. Suppose -5*a + 76 = 3*p - 9, 0 = -a - 2*p + c. What is the remainder when a is divided by 6?
5
Let i(l) = l**3 + l + 1. Let q be i(0). Calculate the remainder when 54 is divided by (q - 0)*(8 + 6).
12
Let u(g) = 2*g**2 - 6*g + 2. Suppose -m + 1 = 0, -5*m = 3*t - 0*t - 68. What is the remainder when u(-5) is divided by t?
19
Let k = -3 + 5. Let w(r) = r**2 + r. Suppose -4*u + 1 = 9. What is the remainder when k is divided by w(u)?
0
Let o = -2 - -34. Let u = -14 + o. What is the remainder when u is divided by 10?
8
Suppose -3*q + 4*s = -48, 3*q + s = -2*s + 69. Let m = q + 4. What is the remainder when 71 is divided by m?
23
Let i(t) = -3*t**3 - 2*t**2 - t. Let j be i(-1). Supp